 = 1. Let n(v) = -v - 7. Let y(u) = f*n(u) - 6*r(u). What is y(3)?
4
Let d(o) = -3*o**3 - 4*o**2 + 35*o + 4. Let a = 17 - 13. Let u(s) = s**3 + s**2 - 12*s - 1. Let f(q) = a*d(q) + 11*u(q). Determine f(-6).
-7
Let g(t) = 2*t**2 + t - 1. Suppose 3*q = 5*q - 2. Determine g(q).
2
Let h(i) = 4 + 43*i + 38*i - 82*i. Suppose -2*k - 8 = -0*k, -2*q = -5*k - 32. Determine h(q).
-2
Let m(g) = g**2 - g + 1. Let n(b) = -2*b**2 + 8*b - 9. Let p(i) = -m(i) - n(i). Let c(t) = -t**3 + 6*t**2 + 7*t + 6. Let k be c(7). Determine p(k).
2
Let y be (16/10)/(12/(-30)). Let p(n) = -n - 4. Let g be p(-7). Let h(b) = -3*b**2 - 5 - g*b + 7*b - b**3 + 0*b**3. Give h(y).
-5
Let i(u) = -u + 1. Let t(o) = -2*o**2 - 8*o - 7. Let c(s) = -3*i(s) - t(s). Let f(l) = -l**2 - 5*l - 2. Let k(m) = 2*c(m) + 5*f(m). Calculate k(-2).
0
Let y(n) = n**2 - 4. Suppose -5*l - 4*s = 18, 4*l = -3*s - 17 + 2. Let o = -6 - l. Calculate y(o).
-4
Let l(u) = -u**2. Let x(g) = 2*g**2 + 8*g + 7. Let i be x(-5). Let b = 12 - 18. Let f(h) = -3*h**2 + h - 1. Let a(m) = b*f(m) + i*l(m). What is a(6)?
6
Let s(l) = l**2 - 10*l - 2. Suppose 5*g + 0*g = 50. Let d be s(g). Let a(o) = o**2 + 2*o + 3. Give a(d).
3
Suppose 0 = 3*l + 1 + 2. Let n(i) = -4*i + 1. Give n(l).
5
Let o(n) = -5*n + 1. Let w(x) = -x. Let l(g) = o(g) - 6*w(g). Suppose -4*k - 6*i + 13 = -3*i, 2*k - 2*i - 10 = 0. Determine l(k).
5
Let b(f) = 2*f**2 + 3*f + 6. Let s(o) = -3*o**2 - 5*o - 9. Let q(v) = 8*b(v) + 5*s(v). Determine q(0).
3
Suppose -5*i = 2*o + 10 - 30, 5*i - 4*o - 50 = 0. Let f(d) = d**2 - 9*d + 7. Calculate f(i).
-11
Let v(n) be the second derivative of n**5/20 - 2*n**4/3 - n**3/6 - n**2/2 + 12*n. What is v(8)?
-9
Let k(i) = -4*i**2 - 2. Let l(a) = -5*a**2 - 3. Let d(r) = -4*k(r) + 3*l(r). Determine d(-3).
8
Suppose -4*k - 18 = 3*f - 3*k, 4*f = 4*k - 24. Let z(b) = -b**2 - 6*b + 3. What is z(f)?
3
Let o(l) be the third derivative of 0*l - 1/3*l**3 - 1/30*l**5 + 1/24*l**4 + l**2 + 0. Suppose -d = -2 - 0. What is o(d)?
-8
Let q(w) = 4*w. Suppose -s = 31 - 30. Determine q(s).
-4
Let u(i) = -2*i**3 + i**2 + 2*i + 1. Let c be u(-1). Let q(o) = -o + 4*o - o - 2 + c*o. Give q(3).
10
Let i be (-10 + -2)/(2/(-2)). Let h be -5 + -4 + 4 + -2. Let g = h + i. Let z(q) = -q**2 + 7*q. What is z(g)?
10
Let f(i) be the first derivative of 3 + 0*i**2 - 1/24*i**5 + 0*i**4 - 1/360*i**6 + 0*i + 2/3*i**3. Let x(r) be the third derivative of f(r). What is x(-5)?
0
Let w(f) = f + 6. Let y = 21 + -19. Suppose -s = -y*s. What is w(s)?
6
Let d(m) = m**3 + 8*m**2 - 9*m + 6. Let g be d(-9). Let k(u) = u**3 - 7*u**2 + 4*u + 6. Determine k(g).
-6
Let o(w) be the first derivative of -w**3/3 + 3*w**2 + 2*w - 2. Suppose -2*h + 25 = 3*h. Give o(h).
7
Let w(c) = 8*c**3 - c**2 + c. Suppose 9*v - 6 = 3. Give w(v).
8
Let m(q) be the first derivative of -q**4/12 - q**3 - 5*q**2/2 + 5*q - 1. Let o(y) be the first derivative of m(y). Determine o(-6).
-5
Suppose 2*d + 10 = -0*d - i, d + 3*i = 0. Let f(m) = -6*m**3 - m**2 + 5*m + 11. Let q(s) = -s**3 + s**2 + s + 1. Let n(z) = -f(z) + 5*q(z). Give n(d).
-6
Let j = 6 + -4. Let n(q) = -2*q**3 + 2*q**2 + q. Calculate n(j).
-6
Let g(c) = c**3 + 4*c**2 + 3*c. Let n be g(-3). Suppose 3*x + 0 - 3 = n. Let l(b) = -2 + x + 2*b**2 + 0 - b. Determine l(-1).
2
Let d be (-4)/8 - (-6)/4. Let m(z) be the second derivative of -9*z**5/20 + z**4/6 - z**3/6 + z. Calculate m(d).
-8
Suppose y + 4 = 3*x, -y + 5*y + 5*x = 18. Let c(s) = 6 - y*s + s - 4*s + 3*s. Let n(i) = i**2 - i - 1. Let a be n(3). Give c(a).
-4
Let b(z) = -3*z + 27. Let i(j) = j - 9. Let d(h) = -4*b(h) - 11*i(h). Let f(n) = -n + 8. Let m(y) = 2*d(y) + 3*f(y). Give m(5).
1
Let m = -11 - -14. Let i(l) = 4*l**2 + l + l**2 + l**m - l**2 - 5. Give i(-4).
-9
Let o(x) = -x - 4. Let z = 7 + -13. Let i be o(z). Let f(r) = -r**3 + 2*r + 1. Let p be f(i). Let t(k) = -k - 3. Calculate t(p).
0
Let s(j) = 3*j**2 + j - 2. Let f(t) = t**2 - 9*t - 12. Let c be f(10). Give s(c).
8
Suppose -69 = 6*h - 33. Let j(d) = d**2 + 8*d - 3. Give j(h).
-15
Let q(n) be the third derivative of n**3 + 0*n + 0 + 1/3*n**4 - n**2 + 1/60*n**5. Calculate q(-6).
-6
Let y(n) = 3*n**3 - n - 1. Let c be y(-1). Let d(r) = 3. Let g(q) = q + 15. Let v(m) = -5*d(m) + g(m). Determine v(c).
-3
Let g(l) be the first derivative of -2*l**3/3 - l**2 - 2*l - 6. What is g(-2)?
-6
Let l be (-1)/(-4) - (-4)/(-16). Suppose 7 = -v - l. Let p(k) = -k - 1. Calculate p(v).
6
Let m(x) = -x**2 - 1. Let c(i) = i - 2. Let r be c(7). Suppose r*z + 9 = 2*z. Calculate m(z).
-10
Let f be (3/(-12)*0)/(-1). Suppose f*s = -3*s - 12. Let v(t) = -t**3 - 4*t**2 + t - 1. Give v(s).
-5
Let b be 1 + 3 - 1 - 11. Let p be 1*b - 15/(-5). Let z(s) = -s**3 - 4*s**2 + 7*s + 1. Give z(p).
-9
Let a(d) = d - 10. Let i(q) = -q**3 - 6*q**2 + 6*q + 2. Let f be i(-7). Let b be a(f). Let w(l) = l + 1. Give w(b).
0
Let f be 4/(-6)*3/1. Let w(k) = 3*k. Let b(s) = -3*s + 1. Let a(y) = -3*b(y) - 4*w(y). Give a(f).
3
Suppose h + 0*h - 16 = 0. Suppose -3*t = 5*z - 60 - h, 4*z = 3*t + 50. Suppose 3*r = z - 5, 5*s + r + 7 = 0. Let u(o) = -3*o**2 + 1. Calculate u(s).
-11
Let o(q) = 2*q + 17. Let s(g) = g + 8. Let r(b) = -3*o(b) + 7*s(b). Let n = 5 + -1. What is r(n)?
9
Suppose 2*y = 4*y - 6. Let k(v) be the first derivative of -v**5/60 + v**4/8 + 2*v**3/3 + 1. Let z(b) be the third derivative of k(b). What is z(y)?
-3
Suppose -2*h - 3*u + 11 + 2 = 0, -3*h = -u - 14. Let f(t) = -t**3 + 5*t**2 - 2*t - 4. Give f(h).
-14
Let g(a) be the second derivative of -3*a - 1/12*a**4 - 3/2*a**2 + 0 + a**3. Let l be 38/9 - 4/18. What is g(l)?
5
Let w(l) = 4 + 6 - 16 - 4*l + 2*l. Let m = -6 - -8. Suppose h = 5*n + 18, 0*h - 4 = 2*n - m*h. Give w(n).
2
Suppose -4*j + 4*w = -20, -5*w + 15 = -3*j + 6*j. Let l(v) be the second derivative of -v**4/12 + 2*v**3/3 + 3*v**2/2 + 3*v. What is l(j)?
-2
Let h(o) = -3*o + 7. Suppose -u = -5*u + 16. Suppose 0 = -4*k + 2*d + d + 29, 4*d = -u*k + 8. Determine h(k).
-8
Let r(i) be the third derivative of -i**5/60 + 7*i**4/24 - 2*i**3/3 - 4*i**2. Calculate r(7).
-4
Suppose -5*d + 4*m + 6 = m, 0 = -2*d - 5*m - 10. Suppose -1 = -5*t - 7*x + 3*x, 0 = 5*t + 2*x - 3. Let l = t + d. Let g(h) = 8*h - 1. Calculate g(l).
7
Let z = 2 + 1. Suppose 0 = r + 4*l + 17, 5*r = l - z*l + 5. Let j(n) be the third derivative of -n**5/60 + n**4/8 - n**3/2 - 2*n**2. Determine j(r).
-3
Let l(a) = 0*a - 4 + 2*a - a. Let d = -15 - -15. Determine l(d).
-4
Let f(i) = -13*i + 5. Let c(h) = h - 1. Let w(o) = -6*c(o) - f(o). Suppose -5*n - 12 = 13, n = -2*x - 1. Suppose j = 2*v - 4 + 7, -3*v - x = -4*j. What is w(j)?
-6
Let n(r) = -4*r + 97. Let x be n(22). Let h(k) = -k + 2. Calculate h(x).
-7
Let k(l) = l**2 + l. Let v(c) = -2*c**2 - c - 2. Suppose 0*n - 4*n = 5*w + 18, -5*w - 12 = n. Let t be 2/(4/w) - 0. Let h(y) = t*k(y) - v(y). What is h(0)?
2
Let g be (-146)/(-511) - (1 + (-12)/7). Let l(x) be the second derivative of x**4/3 + x**2/2 - 2*x. What is l(g)?
5
Let u(y) = 3 - 3*y**2 + y + 4*y**2 + 2*y. Let z be 3*1*12/(-9). What is u(z)?
7
Suppose 0 = -6*g + g + 25. Let p(r) = -g*r + 4*r - 2*r**2 + r**2. Let i(d) = d**2 - d - 1. Let k be i(0). Give p(k).
0
Let x(s) be the second derivative of -s**5/60 + s**4/24 + s**3/6 - 2*s. Let y(k) be the second derivative of x(k). Give y(-1).
3
Let z(j) = j - 69 - 57 + 120. What is z(-9)?
-15
Let v = 3 + -1. Suppose -5*y - 9 = w, -y = -v*w - 0*y + 15. Let n(x) = x - 2. What is n(w)?
4
Suppose 3*s + 4*v + 3 = 0, -2*v + 6 = 4*s - 0. Suppose s = -3*x + 12. Suppose -7 = x*f - 1. Let k(h) = h + 4. Calculate k(f).
2
Let b(p) = 4*p + 43. Let z be b(-12). Let w(t) = t**2 + 2*t + 3. Give w(z).
18
Let m(w) = -2*w - 2. Suppose 4*b - 2*l - 26 = 0, -4 = 2*l - 2. Suppose 0 = -v - v + b. Give m(v).
-8
Suppose -1 = d + 2. Let q = 5 + d. Let f(b) = 3*b + 4 - 7 + b + q. Determine f(3).
11
Let x = -2 - -3. Suppose -3*q + 4 = x. Let s(p) = -1 + 2 + p + q. Determine s(-2).
0
Let n(u) = -u**3 - 4*u**2 - 2*u - 1. Let k = -3 - -7. Let v(j) be the first derivative of -j**2/2 - 8. Let z be v(k). Give n(z).
7
Let d(p) be the first derivative of -p**2/2 - 6*p + 19. Give d(-6).
0
Let q(z) be the third derivative of 0*z + 4*z**2 + 1/24*z**4 + 1/10*z**5 + 1/120*z**6 + 0 + z**3. Give q(-6).
0
Let l = 1 + 4. Suppose 5 = -5*z - l*k - 5, 0 = 4*z + k + 17. Let t(r) = r**3 + 